o + 18. Let w be k(6). Calculate the highest common divisor of 1326 and w.
102
Let f(y) = -5*y + 9*y + y**3 - 3*y + 22*y**2 + 25 - y. Let m be f(-22). Calculate the greatest common divisor of m and 800.
25
Suppose b + 4*r = 40 + 11, r = 4. Let n be (0 - -2) + (-5)/(b/(-399)). Let a = n + -2. Calculate the highest common divisor of a and 76.
19
Suppose -505 = -3*o + 2. Calculate the greatest common factor of o and 2704.
169
Let m(u) = u + 14. Let c be (0 + -1)*(3 - 13). Let d be m(c). Suppose 0 = 3*b - 8*q - 212, -5*q - 61 = -b + 19. What is the highest common factor of d and b?
12
Let f be 4*3 - (120/(-10 + 2) - -13). Calculate the highest common divisor of f and 1526.
14
Let a be -2 + 23 + (-85)/((-2975)/(-56)) - (-3)/5. Suppose -91 - 133 = -4*n + 2*z, 5*z = -10. Calculate the greatest common divisor of n and a.
5
Let j(w) = -121*w - 1340. Let u be j(-12). What is the highest common divisor of u and 1176?
56
Let d(k) = k**2 + 90*k - 562. Let r be d(6). Calculate the greatest common divisor of r and 749.
7
Suppose -92 = -7*z + 6. Suppose -2*h + 38 = z. Suppose -7*t + 9*t = h. Calculate the highest common factor of t and 66.
6
Let f be 10 - (-352 + 0 + 10). Suppose 4*b + 2*g - 182 = 0, 3*b - 36 - 105 = -3*g. What is the greatest common divisor of b and f?
44
Suppose -6*l + l + 245 = 5*h, -5*h - 105 = -2*l. Suppose 0 = 3*f - 24*f + 420. Let o be (f/(-18))/((-6)/54). What is the greatest common divisor of o and l?
10
Suppose 4*w = -16, 3*z - 2*w - 23 = -0*w. Suppose 0 = 563*j - 547*j - 64. What is the highest common factor of j and z?
1
Suppose 226 = 62*x - 77*x + 706. What is the highest common divisor of x and 1576?
8
Let r = -1214 + 1230. What is the greatest common factor of r and 2144?
16
Let z(x) = -2181*x - 1989. Let h be z(-1). Calculate the greatest common factor of h and 2352.
48
Let t = 121 + -98. Suppose p - 104 = -t. Calculate the highest common divisor of p and 36.
9
Let g = -5731 - -6019. What is the highest common factor of 480 and g?
96
Let k be (14/(-1))/(5/(-10)). Let v be (-100)/40*((-9072)/(-45))/(-2). Calculate the highest common divisor of v and k.
28
Suppose 3*x - 291 = 69. Let q = x + -13. Suppose -13*l + 367 = q. Calculate the highest common divisor of 30 and l.
10
Suppose -s - 2*s + 342 = 0. Suppose 33*n + 65 = -17*n + 1965. What is the highest common divisor of s and n?
38
Let k be 55/(-6 + 7 + 0). Let i = -486 + 871. What is the highest common divisor of k and i?
55
Suppose -2*c = -h - 0*h - 49, 0 = c - h - 23. Suppose c = -4*o + 38. Let p be 361/5 - (o + 42/(-15)). Calculate the highest common factor of 12 and p.
12
Let q = 8397 - 8261. Suppose -4*g = 4*r - 52, 3*g + 3*r + 25 = 4*g. Calculate the greatest common factor of g and q.
8
Let p = -5984 + 5989. Let n(r) = -5*r**3 - r**2 - 2*r - 1. Let t be n(-1). Calculate the greatest common divisor of p and t.
5
Let g(v) be the first derivative of -18*v - 1/2*v**2 - 23 + 1/3*v**3. Let l be g(11). What is the highest common divisor of l and 23?
23
Let a(p) = -2*p**2 + p + 9. Let i be a(3). Let v be (5/(30/(-28)))/(4/i). Calculate the greatest common factor of v and 21.
7
Let z be (-1224)/(-9) - 0 - -1. Suppose -14 = -z*o + 135*o. What is the greatest common divisor of 35 and o?
7
Suppose c + 0*c = 4. Suppose c*p - 680 = -0*p. Let l(f) = f**2 - 12*f - 472. Let g be l(-18). Calculate the highest common factor of p and g.
34
Let x be ((-3)/5 + -1)/(10 - 504/50). What is the highest common factor of x and 100?
20
Let l = 1284 + -838. Let z = l + -326. What is the greatest common divisor of 96 and z?
24
Let k be (-58)/551 + 422/38. Let s = k - 10. Let c be s - -30 - 2 - 2. Calculate the highest common divisor of 216 and c.
27
Let o = -5435 - -8340. Calculate the highest common divisor of 83 and o.
83
Suppose -39*x + 2112 + 501 = 0. Calculate the highest common divisor of 1273 and x.
67
Suppose -3*a = -2*u + 431, 3*u = -9*a + 4*a + 675. Let v = -128 + u. Calculate the highest common divisor of 46 and v.
46
Let g = 3876 - -13969. Calculate the highest common factor of g and 430.
215
Suppose -2*a + 248 = -2*c, 4*a = -2*c + 3*c + 499. Suppose -7*x - a = 155. Let f be x/(-16)*36/10. What is the highest common divisor of 3 and f?
3
Let h = -216 + 198. Let i be (-1438)/h + ((-12)/54)/(-2). What is the greatest common divisor of i and 70?
10
Let q = 19323 + -11049. What is the highest common divisor of q and 84?
42
Suppose 9*z + 654 = 14*z - 2*u, -8*z = u - 1038. Calculate the highest common factor of 430 and z.
10
Let i(q) = -5*q - 12. Let r be i(-12). Suppose -102*z - 1584 = -108*z. What is the greatest common divisor of z and r?
24
Let c = 374 + -348. Suppose 453 + 483 = c*j. What is the highest common divisor of j and 60?
12
Suppose 3*i + y = 13033, 3*i + 11*y - 16*y - 13063 = 0. What is the highest common factor of 82 and i?
82
Let g = 18 + -113. Let r = -88 - g. Suppose -f + 3*h = 5, 12 + 12 = 4*f - h. What is the highest common factor of r and f?
7
Let q be (-60)/(-17 + -3) + (-2 - -363). What is the highest common factor of 3796 and q?
52
Suppose 24*q + 191 = -793. Let y be 1/(-4 + q*(-10)/102). What is the highest common divisor of 561 and y?
51
Let l = 371 + -300. What is the greatest common divisor of l and 12993?
71
Let n(i) = 2*i + 32. Let s = -152 + 155. Let l be n(s). Calculate the greatest common divisor of l and 57.
19
Let f(b) = 2*b**2 + 4*b + 195. Let v be f(0). Let a = -85 + v. Calculate the greatest common divisor of a and 30.
10
Suppose 8*o - 13*o - 3*y + 6241 = 0, -4*o + y + 5003 = 0. Suppose 3*k = -2*h + 503, 8*k - 3*k = -5*h + o. What is the highest common factor of 19 and h?
19
Let c = -102713 - -102721. Let b(a) = a**3 - 7*a**2 + 5*a + 4. Let s be b(6). Let w be 21 + s + 3 + -2. Calculate the highest common factor of c and w.
4
Let f = -3857 + 4017. What is the greatest common factor of f and 190?
10
Suppose 4*l - 3 - 9 = 0. Let o = l - -74. Let v be 75/12 - (-3)/4. What is the greatest common divisor of v and o?
7
Suppose 0 = -3*b - 9, 13*m - 16*m + 3213 = -b. Suppose 9*n - 64 = m. What is the highest common divisor of 84 and n?
42
Suppose 5*p + 4*v = 784, -8*v = -6*v + 8. Suppose 0 = 5*g + 4*i - 224, 4*i + 0*i = 3*g - p. What is the greatest common factor of g and 6?
6
Let l(a) = -3*a**2 - 16*a - 38. Let n be l(-4). Let h be n/(-3)*(-810)/(-108). What is the highest common divisor of h and 77?
11
Suppose -5*k = -4*v + 20 + 5, 4*k + 20 = -v. Suppose 7*b = 4*b + 2*n + 161, v = b + 4*n - 35. Calculate the highest common divisor of 68 and b.
17
Let q be ((-12)/(-7))/(-9*16/(-504)). Suppose -3*f = 3*s - 105, -4*s = -6 - q. What is the greatest common divisor of 224 and f?
32
Suppose -12*x = -307 - 223 + 110. What is the highest common factor of 2065 and x?
35
Suppose 41*v + 12936 = 47*v. Let p be (v/8)/((-3)/(-6)). What is the greatest common factor of p and 77?
77
Let c be -2*(-2116)/44 + (-6)/33. Calculate the greatest common factor of 912 and c.
48
Let l(x) = 31*x**2 - 4*x + 5. Let q be ((-220)/(-88))/(-2*10/(-16)). Let f be l(q). Calculate the greatest common factor of f and 11.
11
Suppose 1477 = 2*s - v + 1116, -s + 5*v = -230. Let w(y) = 17*y + 2. Let o be w(4). Calculate the greatest common factor of o and s.
35
Suppose -12*p + 5*p + 21 = 0. Suppose 3*h = 3*i + i - 11, 0 = -p*h + 9. Suppose 60 = -4*l + 140. Calculate the highest common factor of i and l.
5
Let n = 58814 - 58772. Suppose 10 = -0*g + 2*g. Suppose -4*v = -2*l + 48, 2*l - g*v - 11 = 3*l. What is the greatest common factor of n and l?
14
Let x = -10 + 23. Suppose 0 = 18*s - x*s - 180. Calculate the greatest common factor of s and 48.
12
Suppose -52*r + 191 = -589. What is the highest common factor of 4245 and r?
15
Let o(x) = -x + 74. Let q be o(2). Calculate the greatest common divisor of q and 1890.
18
Let o(c) = c**3 + 26*c**2 + 18*c + 63. Let p be (-30)/27*3*90/12. Let m be o(p). Calculate the highest common factor of 17 and m.
17
Let r be 1/(-1) + -1 - 1. Let z(a) = 6*a**2 - 5*a - 3. Let f be z(r). Let n = -444 - -466. Calculate the greatest common factor of n and f.
22
Let m be ((-2)/(-3))/(6/(-9)). Let i be m/7 + 2702/(-49)*-1. Let z be 0 + -11*4*-1. What is the greatest common factor of z and i?
11
Let f = 55 + -16. Suppose -4*b + 281 = 5*c - f, 4*c + 160 = 2*b. Suppose 0 = -15*l 